196433?
185
What is the remainder when 1529884 is divided by 328?
92
Calculate the remainder when 23286273 is divided by 11.
10
What is the remainder when 26742429 is divided by 569?
567
Calculate the remainder when 64026959 is divided by 15.
14
What is the remainder when 22097 is divided by 225?
47
What is the remainder when 41319036 is divided by 13773011?
3
Calculate the remainder when 205164176 is divided by 39.
35
What is the remainder when 129679 is divided by 21613?
1
What is the remainder when 407476 is divided by 1059?
820
Calculate the remainder when 1625627 is divided by 1625581.
46
Calculate the remainder when 1735250 is divided by 2552.
2442
Calculate the remainder when 319661 is divided by 63932.
1
Calculate the remainder when 972724 is divided by 74.
68
What is the remainder when 1934289 is divided by 69?
12
What is the remainder when 14050549 is divided by 36027?
19
Calculate the remainder when 5554975 is divided by 12.
7
Calculate the remainder when 30091969 is divided by 288.
1
Calculate the remainder when 2261007 is divided by 5174.
5143
Calculate the remainder when 73949903 is divided by 8.
7
Calculate the remainder when 692611 is divided by 5247.
7
Calculate the remainder when 9415787 is divided by 635.
7
Calculate the remainder when 236333787 is divided by 15.
12
What is the remainder when 1309388 is divided by 3110?
78
What is the remainder when 774167 is divided by 8028?
3479
Calculate the remainder when 3230485 is divided by 55.
5
Calculate the remainder when 47711 is divided by 46876.
835
Calculate the remainder when 51985 is divided by 51958.
27
What is the remainder when 524477 is divided by 7819?
604
Calculate the remainder when 10741917 is divided by 8425.
42
What is the remainder when 2489519 is divided by 207459?
11
What is the remainder when 256520 is divided by 126902?
2716
Calculate the remainder when 927716 is divided by 224.
132
What is the remainder when 2399984 is divided by 342851?
27
Calculate the remainder when 3000519 is divided by 3000510.
9
What is the remainder when 1519870 is divided by 379961?
26
What is the remainder when 3708566 is divided by 412041?
197
Calculate the remainder when 7088028 is divided by 724.
68
What is the remainder when 73131 is divided by 1431?
150
Calculate the remainder when 54779 is divided by 732.
611
Calculate the remainder when 1169786 is divided by 5466.
62
What is the remainder when 24979366 is divided by 538?
26
Calculate the remainder when 482779 is divided by 403.
388
What is the remainder when 33039953 is divided by 2039?
2036
Calculate the remainder when 1611639 is divided by 22699.
10
What is the remainder when 2603144 is divided by 1533?
110
What is the remainder when 1483173 is divided by 261?
171
Calculate the remainder when 123273 is divided by 1120.
73
Calculate the remainder when 296 is divided by 174.
122
Calculate the remainder when 386545 is divided by 5683.
101
What is the remainder when 34815 is divided by 2013?
594
What is the remainder when 264215 is divided by 82?
11
What is the remainder when 12031155 is divided by 713?
706
What is the remainder when 834280 is divided by 501?
115
What is the remainder when 3619138 is divided by 1809552?
34
Calculate the remainder when 20616717 is divided by 231646.
223
What is the remainder when 2101975 is divided by 70065?
25
Calculate the remainder when 3833713 is divided by 1126.
809
Calculate the remainder when 499757 is divided by 1187.
30
What is the remainder when 1664500 is divided by 270?
220
What is the remainder when 46296 is divided by 22022?
2252
Calculate the remainder when 98676 is divided by 28918.
11922
What is the remainder when 5730528 is divided by 272872?
216
What is the remainder when 58910 is divided by 28588?
1734
What is the remainder when 8492 is divided by 37?
19
What is the remainder when 17560028 is divided by 3289?
57
What is the remainder when 490942 is divided by 588?
550
What is the remainder when 3439452 is divided by 5316?
0
Calculate the remainder when 2292799 is divided by 10610.
1039
What is the remainder when 226190 is divided by 56545?
10
What is the remainder when 222565 is divided by 63?
49
Calculate the remainder when 9688149 is divided by 346.
149
Calculate the remainder when 5672 is divided by 1688.
608
Calculate the remainder when 30064284 is divided by 3824.
3820
Calculate the remainder when 13493687 is divided by 1250.
1187
What is the remainder when 998018 is divided by 2754?
1070
Calculate the remainder when 4183414918 is divided by 14004.
14002
Calculate the remainder when 3393752 is divided by 250.
2
Calculate the remainder when 194279 is divided by 404.
359
What is the remainder when 882839 is divided by 882?
839
What is the remainder when 25993859 is divided by 837?
824
Calculate the remainder when 359004 is divided by 143.
74
What is the remainder when 60655918 is divided by 126?
22
What is the remainder when 10885888 is divided by 8191?
49
Calculate the remainder when 502089 is divided by 2685.
2679
What is the remainder when 582817 is divided by 1235?
1132
What is the remainder when 31997 is divided by 627?
20
Calculate the remainder when 702842 is divided by 702817.
25
Calculate the remainder when 1293167 is divided by 68061.
8
Calculate the remainder when 82334 is divided by 95.
64
What is the remainder when 5865199 is divided by 5865191?
8
What is the remainder when 1754152 is divided by 877075?
2
Calculate the remainder when 5233869 is divided by 518.
515
Calculate the remainder when 1779981 is divided by 592823.
1512
Calculate the remainder when 5331443 is divided by 329.
327
What is the remainder when 2994468 is divided by 224?
36
What is the remainder when 680326 is divided by 22?
20
What is the remainder when 5925736 is divided by 9?
1
What is the remainder when 489071 is divided by 4615?
4496
What is the remainder when 47802295 is divided by 9560457?
10
What is the remainder when 1595797 is divided by 1061?
53
Calculate the remainder when 1868 is divided by 159.
119
Calculate the remainder when 32876896 is divided by 1402.
1398
What is the remainder when 1495982 is divided by 166217?
29
Calculate the remainder when 3732840 is divided by 210.
90
Calculate the remainder when 3531578 is divided by 34.
32
Calculate the remainder when 18061674 is divided by 2979.
2976
What is the remainder when 58241 is divided by 932?
457
Calculate the remainder when 183693 is divided by 1292.
229
Calculate the remainder when 38419262 is divided by 793.
791
Calculate the remainder when 223635 is divided by 187.
170
What is the remainder when 1027934 is divided by 35445?
29
What is the remainder when 5781506 is divided by 5781434?
72
What is the remainder when 152018 is divided by 75374?
1270
Calculate the remainder when 703700 is divided by 111.
71
What is the remainder when 393926 is divided by 131265?
131
Calculate the remainder when 7653109 is divided by 92.
89
What is the remainder when 361189 is divided by 696?
661
Calculate the remainder when 4796240 is divided by 95.
70
Calculate the remainder when 21050877 is divided by 19.
17
What is the remainder when 13167537 is divided by 371?
5
What is the remainder when 1502143 is divided by 250348?
55
What is the remainder when 42237205 is divided by 10185?
10
Calculate the remainder when 28309788 is divided by 32.
28
What is the remainder when 52519 is divided by 39?
25
Calculate the remainder when 118391 is divided by 6073.
3004
Calculate the remainder when 37222 is divided by 163.
58
What is the remainder when 1450982 is divided by 1299?
1298
What is the remainder when 9629190 is divided by 131?
35
Calculate the remainder when 17416 is divided by 4298.
224
What is the remainder when 209053074 is divided by 797?
771
Calculate the remainder when 562926 is divided by 278.
254
Calculate the remainder when 595799 is divided by 379.
11
What is the remainder when 67782 is divided by 21459?
3405
What is the remainder when 10031384 is divided by 1253919?
32
Calculate the remainder when 44481271 is divided by 11120317.
3
Calculate the remainder when 13337279 is divided by 9.
8
Calculate the remainder when 12164554 is divided by 3197.
3166
Calculate the remainder when 1205624 is divided by 2367.
821
Calculate the remainder 